{"id":18,"date":"2022-09-05T17:57:11","date_gmt":"2022-09-05T15:57:11","guid":{"rendered":"http:\/\/www.sarabrenier.fr\/?page_id=18"},"modified":"2026-02-03T11:29:03","modified_gmt":"2026-02-03T10:29:03","slug":"stages-residentiels","status":"publish","type":"page","link":"https:\/\/www.sarabrenier.fr\/?page_id=18","title":{"rendered":"STAGES"},"content":{"rendered":"\n<h2 class=\"wp-block-heading\"><strong><em><mark style=\"background-color:#767676\" class=\"has-inline-color has-white-color\">Le corps (re)source de vie <\/mark><\/em><\/strong><\/h2>\n\n\n\n<h6 class=\"wp-block-heading\"><\/h6>\n\n\n\n<p>Danse, rythme et voix, en coanimation avec <a rel=\"noreferrer noopener\" href=\"https:\/\/www.lesoreillesdanslesorteils.com\" target=\"_blank\">Nellie Saurel<\/a> psychoth\u00e9rapeute, danse-th\u00e9rapeute, professeure de&nbsp;danse d&rsquo;expression primitive.<\/p>\n\n\n\n<blockquote class=\"wp-block-quote is-layout-flow wp-block-quote-is-layout-flow\">\n<p>Objectifs du cycle des stages :<\/p>\n\n\n\n<p>1) Entreprendre un voyage sensible vers soi, dans la relation \u00e0 l&rsquo;autre, r\u00e9veiller la pulsion de vie et mobiliser ses ressources.<\/p>\n\n\n\n<p>2) D\u00e9velopper ses comp\u00e9tences relationnelles, sa cr\u00e9ativit\u00e9, enrichir usa palette d&rsquo;intervention par l&rsquo;acquisition d&rsquo;outils de m\u00e9diation artistique et de techniques d&rsquo;animation.<\/p>\n\n\n\n<p>Con\u00e7u comme une respiration pour se poser et d\u00e9poser ce qui p\u00e8se, ces stages se d\u00e9roulent en r\u00e9sidence, dans un lieu privil\u00e9gi\u00e9, au c\u0153ur de la nature, face aux Pyr\u00e9n\u00e9es.<br>En lib\u00e9rant de l&rsquo;espace en soi, ils invitent \u00e0 retrouver un \u00ab\u00a0nouveau souffle\u00a0\u00bb, une reconnexion avec son \u00e9lan vital et cr\u00e9atif !<\/p>\n\n\n\n<p>le bulletin d&rsquo;inscription: <\/p>\n<\/blockquote>\n\n\n\n<figure class=\"wp-block-image size-large\"><img loading=\"lazy\" decoding=\"async\" width=\"724\" height=\"1024\" src=\"https:\/\/www.sarabrenier.fr\/wp-content\/uploads\/2026\/02\/1-1-724x1024.png\" alt=\"\" class=\"wp-image-338\" srcset=\"https:\/\/www.sarabrenier.fr\/wp-content\/uploads\/2026\/02\/1-1-724x1024.png 724w, https:\/\/www.sarabrenier.fr\/wp-content\/uploads\/2026\/02\/1-1-212x300.png 212w, https:\/\/www.sarabrenier.fr\/wp-content\/uploads\/2026\/02\/1-1-768x1086.png 768w, https:\/\/www.sarabrenier.fr\/wp-content\/uploads\/2026\/02\/1-1-1086x1536.png 1086w, https:\/\/www.sarabrenier.fr\/wp-content\/uploads\/2026\/02\/1-1.png 1414w\" sizes=\"auto, (max-width: 724px) 100vw, 724px\" \/><\/figure>\n\n\n\n<figure class=\"wp-block-image size-large\"><img loading=\"lazy\" decoding=\"async\" width=\"724\" height=\"1024\" src=\"https:\/\/www.sarabrenier.fr\/wp-content\/uploads\/2026\/02\/2-724x1024.png\" alt=\"\" class=\"wp-image-339\" srcset=\"https:\/\/www.sarabrenier.fr\/wp-content\/uploads\/2026\/02\/2-724x1024.png 724w, https:\/\/www.sarabrenier.fr\/wp-content\/uploads\/2026\/02\/2-212x300.png 212w, https:\/\/www.sarabrenier.fr\/wp-content\/uploads\/2026\/02\/2-768x1086.png 768w, https:\/\/www.sarabrenier.fr\/wp-content\/uploads\/2026\/02\/2-1086x1536.png 1086w, https:\/\/www.sarabrenier.fr\/wp-content\/uploads\/2026\/02\/2.png 1414w\" sizes=\"auto, (max-width: 724px) 100vw, 724px\" \/><\/figure>\n\n\n\n<p><\/p>\n\n\n\n<p><strong>flyer du stage de 2025<\/strong>:<\/p>\n\n\n\n<figure class=\"wp-block-image size-full\"><img loading=\"lazy\" decoding=\"async\" width=\"460\" height=\"640\" src=\"http:\/\/www.sarabrenier.fr\/wp-content\/uploads\/2024\/09\/ODO24-recto.jpeg\" alt=\"\" class=\"wp-image-278\" srcset=\"https:\/\/www.sarabrenier.fr\/wp-content\/uploads\/2024\/09\/ODO24-recto.jpeg 460w, https:\/\/www.sarabrenier.fr\/wp-content\/uploads\/2024\/09\/ODO24-recto-216x300.jpeg 216w\" sizes=\"auto, (max-width: 460px) 100vw, 460px\" \/><\/figure>\n\n\n\n<h4 class=\"wp-block-heading\"><\/h4>\n\n\n\n<div class=\"wp-block-columns is-layout-flex wp-container-core-columns-is-layout-9d6595d7 wp-block-columns-is-layout-flex\">\n<div class=\"wp-block-column is-layout-flow wp-block-column-is-layout-flow\" style=\"flex-basis:100%\"><\/div>\n<\/div>\n\n\n\n<div style=\"height:100px\" aria-hidden=\"true\" class=\"wp-block-spacer\"><\/div>\n\n\n\n<h2 class=\"wp-block-heading\"><strong><em><mark style=\"background-color:#767676\" class=\"has-inline-color has-white-color\">Le chant de la terre<\/mark><\/em><\/strong><\/h2>\n\n\n\n<p>Il s&rsquo;agit d&rsquo;un stage r\u00e9sidentiel sur les pratiques du modelage de la terre, et sur l&rsquo;exploration de la voix en lien avec le corps par la psychophonie,&nbsp;<\/p>\n\n\n\n<figure class=\"wp-block-pullquote has-small-font-size\"><blockquote><p><em>\u00ab Une invitation \u00e0 cheminer au c\u0153ur de soi par la voie du toucher et par la voix des sons, pour un r\u00e9-enchantement dans notre c\u0153ur et notre corps.\u00bb<\/em><\/p><\/blockquote><\/figure>\n\n\n\n<p>Stage co-anim\u00e9 par Sara Brenier (animatrice en psychophonie ML Aucher chanteuse et percussionniste) &amp; <a rel=\"noreferrer noopener\" href=\"https:\/\/www.facebook.com\/graziella.girlando.9\" target=\"_blank\">Graziella Girlando<\/a> (art-th\u00e9rapeute, artiste et conteuse).<\/p>\n\n\n\n<h4 class=\"wp-block-heading\"><strong>DATE<\/strong><\/h4>\n\n\n\n<ul class=\"wp-block-list\">\n<li>26-27 novembre 2022<\/li>\n\n\n\n<li><strong>Prochain stage:   4 et 5 mars 2023<\/strong><\/li>\n<\/ul>\n\n\n\n<figure class=\"wp-block-image size-large\"><a href=\"http:\/\/www.sarabrenier.fr\/?attachment_id=166\"><img loading=\"lazy\" decoding=\"async\" width=\"791\" height=\"1024\" src=\"http:\/\/www.sarabrenier.fr\/wp-content\/uploads\/2023\/01\/flyer-A5-stage-terre-voix-mars-2023-791x1024.jpg\" alt=\"\" class=\"wp-image-166\" srcset=\"https:\/\/www.sarabrenier.fr\/wp-content\/uploads\/2023\/01\/flyer-A5-stage-terre-voix-mars-2023-791x1024.jpg 791w, https:\/\/www.sarabrenier.fr\/wp-content\/uploads\/2023\/01\/flyer-A5-stage-terre-voix-mars-2023-232x300.jpg 232w, https:\/\/www.sarabrenier.fr\/wp-content\/uploads\/2023\/01\/flyer-A5-stage-terre-voix-mars-2023-768x994.jpg 768w, https:\/\/www.sarabrenier.fr\/wp-content\/uploads\/2023\/01\/flyer-A5-stage-terre-voix-mars-2023.jpg 816w\" sizes=\"auto, (max-width: 791px) 100vw, 791px\" \/><\/a><\/figure>\n\n\n\n<p><strong>A propos du travail avec l&rsquo;argile :<\/strong> \u00ab\u00a0Mettre les mains dans \u00ab\u00a0la terre\u00a0\u00bb active une m\u00e9moire primitive qui garde enfoui des sensations, des \u00e9motions et des ressentis.&nbsp;\u00bb<\/p>\n\n\n\n<p>A une \u00e9poque o\u00f9 tout va tr\u00e8s vite et que la t\u00eate et la pens\u00e9e sont tr\u00e8s sollicit\u00e9es, l&rsquo;argile mobilise essentiellement le toucher, donnant un temps de pause aux adultes que nous sommes, permettant d&rsquo;acc\u00e9der \u00e0 notre enfant int\u00e9rieur.<\/p>\n\n\n\n<p>Il est nul besoin de savoir o\u00f9 l&rsquo;on va, ce qui se mod\u00e8le ou ce qui se construit, notre inconscient utilise nos mains et fa\u00e7onne l&rsquo;argile \u00e0 son gr\u00e9 comme autant de messages que nous sommes libres de d\u00e9chiffrer, de partager ou de garder pour soi.\u00a0\u00bb<\/p>\n\n\n\n<p><strong>A propos de la psychophonie :<\/strong>\u00ab\u00a0La qualit\u00e9 de notre \u00e9mission vocale d\u00e9pend en grande partie du d\u00e9veloppement de notre r\u00e9ceptivit\u00e9 sensorielle. La r\u00e9ceptivit\u00e9 vibratoire et tactile des sons vient compl\u00e9ter la r\u00e9ceptivit\u00e9 auditive par la boucle audio-phonatoire.<\/p>\n\n\n\n<p>B\u00e2ti sur un axe vertical et sur un axe horizontal, l\u2019\u00eatre humain trouve son \u00e9quilibre, tel un arbre se d\u00e9ployant entre terre et ciel.<\/p>\n\n\n\n<p>La d\u00e9marche psychophonique permet de relier les diff\u00e9rents plans de l\u2019\u00eatre : physique, \u00e9nerg\u00e9tique, \u00e9motionnel, mental, spirituel, et de les harmoniser.\u00a0\u00bb<\/p>\n\n\n\n<div style=\"height:50px\" aria-hidden=\"true\" class=\"wp-block-spacer\"><\/div>\n","protected":false},"excerpt":{"rendered":"<p>Le corps (re)source de vie Danse, rythme et voix, en coanimation avec Nellie Saurel psychoth\u00e9rapeute, danse-th\u00e9rapeute, professeure de&nbsp;danse d&rsquo;expression primitive. Objectifs du cycle des stages : 1) Entreprendre un voyage sensible vers soi, dans la relation \u00e0 l&rsquo;autre, r\u00e9veiller la pulsion de vie et mobiliser ses ressources. 2) D\u00e9velopper ses comp\u00e9tences relationnelles, sa cr\u00e9ativit\u00e9, enrichir &hellip; <\/p>\n<p class=\"link-more\"><a href=\"https:\/\/www.sarabrenier.fr\/?page_id=18\" class=\"more-link\">Continuer la lecture <span class=\"screen-reader-text\"> \u00ab\u00a0STAGES\u00a0\u00bb<\/span><\/a><\/p>\n","protected":false},"author":2,"featured_media":32,"parent":0,"menu_order":0,"comment_status":"closed","ping_status":"closed","template":"","meta":{"footnotes":""},"class_list":["post-18","page","type-page","status-publish","has-post-thumbnail","hentry","entry"],"_links":{"self":[{"href":"https:\/\/www.sarabrenier.fr\/index.php?rest_route=\/wp\/v2\/pages\/18","targetHints":{"allow":["GET"]}}],"collection":[{"href":"https:\/\/www.sarabrenier.fr\/index.php?rest_route=\/wp\/v2\/pages"}],"about":[{"href":"https:\/\/www.sarabrenier.fr\/index.php?rest_route=\/wp\/v2\/types\/page"}],"author":[{"embeddable":true,"href":"https:\/\/www.sarabrenier.fr\/index.php?rest_route=\/wp\/v2\/users\/2"}],"replies":[{"embeddable":true,"href":"https:\/\/www.sarabrenier.fr\/index.php?rest_route=%2Fwp%2Fv2%2Fcomments&post=18"}],"version-history":[{"count":25,"href":"https:\/\/www.sarabrenier.fr\/index.php?rest_route=\/wp\/v2\/pages\/18\/revisions"}],"predecessor-version":[{"id":340,"href":"https:\/\/www.sarabrenier.fr\/index.php?rest_route=\/wp\/v2\/pages\/18\/revisions\/340"}],"wp:featuredmedia":[{"embeddable":true,"href":"https:\/\/www.sarabrenier.fr\/index.php?rest_route=\/wp\/v2\/media\/32"}],"wp:attachment":[{"href":"https:\/\/www.sarabrenier.fr\/index.php?rest_route=%2Fwp%2Fv2%2Fmedia&parent=18"}],"curies":[{"name":"wp","href":"https:\/\/api.w.org\/{rel}","templated":true}]}}

<h2 class="wp-block-heading"><strong><em><mark style="background-color:#767676" class="has-inline-color has-white-color">Le corps (re)source de vie </mark></em></strong></h2>



<h6 class="wp-block-heading"></h6>



<p>Danse, rythme et voix, en coanimation avec <a rel="noreferrer noopener" href="https://www.lesoreillesdanslesorteils.com" target="_blank">Nellie Saurel</a> psychothérapeute, danse-thérapeute, professeure de&nbsp;danse d&rsquo;expression primitive.</p>



<blockquote class="wp-block-quote is-layout-flow wp-block-quote-is-layout-flow">
<p>Objectifs du cycle des stages :</p>



<p>1) Entreprendre un voyage sensible vers soi, dans la relation à l&rsquo;autre, réveiller la pulsion de vie et mobiliser ses ressources.</p>



<p>2) Développer ses compétences relationnelles, sa créativité, enrichir usa palette d&rsquo;intervention par l&rsquo;acquisition d&rsquo;outils de médiation artistique et de techniques d&rsquo;animation.</p>



<p>Conçu comme une respiration pour se poser et déposer ce qui pèse, ces stages se déroulent en résidence, dans un lieu privilégié, au cœur de la nature, face aux Pyrénées.<br>En libérant de l&rsquo;espace en soi, ils invitent à retrouver un « nouveau souffle », une reconnexion avec son élan vital et créatif !</p>



<p>le bulletin d&rsquo;inscription: </p>
</blockquote>



<figure class="wp-block-image size-large"><img loading="lazy" decoding="async" width="724" height="1024" src="https://www.sarabrenier.fr/wp-content/uploads/2026/02/1-1-724x1024.png" alt="" class="wp-image-338" srcset="https://www.sarabrenier.fr/wp-content/uploads/2026/02/1-1-724x1024.png 724w, https://www.sarabrenier.fr/wp-content/uploads/2026/02/1-1-212x300.png 212w, https://www.sarabrenier.fr/wp-content/uploads/2026/02/1-1-768x1086.png 768w, https://www.sarabrenier.fr/wp-content/uploads/2026/02/1-1-1086x1536.png 1086w, https://www.sarabrenier.fr/wp-content/uploads/2026/02/1-1.png 1414w" sizes="auto, (max-width: 724px) 100vw, 724px" /></figure>



<figure class="wp-block-image size-large"><img loading="lazy" decoding="async" width="724" height="1024" src="https://www.sarabrenier.fr/wp-content/uploads/2026/02/2-724x1024.png" alt="" class="wp-image-339" srcset="https://www.sarabrenier.fr/wp-content/uploads/2026/02/2-724x1024.png 724w, https://www.sarabrenier.fr/wp-content/uploads/2026/02/2-212x300.png 212w, https://www.sarabrenier.fr/wp-content/uploads/2026/02/2-768x1086.png 768w, https://www.sarabrenier.fr/wp-content/uploads/2026/02/2-1086x1536.png 1086w, https://www.sarabrenier.fr/wp-content/uploads/2026/02/2.png 1414w" sizes="auto, (max-width: 724px) 100vw, 724px" /></figure>



<p></p>



<p><strong>flyer du stage de 2025</strong>:</p>



<figure class="wp-block-image size-full"><img loading="lazy" decoding="async" width="460" height="640" src="http://www.sarabrenier.fr/wp-content/uploads/2024/09/ODO24-recto.jpeg" alt="" class="wp-image-278" srcset="https://www.sarabrenier.fr/wp-content/uploads/2024/09/ODO24-recto.jpeg 460w, https://www.sarabrenier.fr/wp-content/uploads/2024/09/ODO24-recto-216x300.jpeg 216w" sizes="auto, (max-width: 460px) 100vw, 460px" /></figure>



<h4 class="wp-block-heading"></h4>



<div class="wp-block-columns is-layout-flex wp-container-core-columns-is-layout-9d6595d7 wp-block-columns-is-layout-flex">
<div class="wp-block-column is-layout-flow wp-block-column-is-layout-flow" style="flex-basis:100%"></div>
</div>



<div style="height:100px" aria-hidden="true" class="wp-block-spacer"></div>



<h2 class="wp-block-heading"><strong><em><mark style="background-color:#767676" class="has-inline-color has-white-color">Le chant de la terre</mark></em></strong></h2>



<p>Il s&rsquo;agit d&rsquo;un stage résidentiel sur les pratiques du modelage de la terre, et sur l&rsquo;exploration de la voix en lien avec le corps par la psychophonie,&nbsp;</p>



<figure class="wp-block-pullquote has-small-font-size"><blockquote><p><em>« Une invitation à cheminer au cœur de soi par la voie du toucher et par la voix des sons, pour un ré-enchantement dans notre cœur et notre corps.»</em></p></blockquote></figure>



<p>Stage co-animé par Sara Brenier (animatrice en psychophonie ML Aucher chanteuse et percussionniste) &amp; <a rel="noreferrer noopener" href="https://www.facebook.com/graziella.girlando.9" target="_blank">Graziella Girlando</a> (art-thérapeute, artiste et conteuse).</p>



<h4 class="wp-block-heading"><strong>DATE</strong></h4>



<ul class="wp-block-list">
<li>26-27 novembre 2022</li>



<li><strong>Prochain stage:   4 et 5 mars 2023</strong></li>
</ul>



<figure class="wp-block-image size-large"><a href="http://www.sarabrenier.fr/?attachment_id=166"><img loading="lazy" decoding="async" width="791" height="1024" src="http://www.sarabrenier.fr/wp-content/uploads/2023/01/flyer-A5-stage-terre-voix-mars-2023-791x1024.jpg" alt="" class="wp-image-166" srcset="https://www.sarabrenier.fr/wp-content/uploads/2023/01/flyer-A5-stage-terre-voix-mars-2023-791x1024.jpg 791w, https://www.sarabrenier.fr/wp-content/uploads/2023/01/flyer-A5-stage-terre-voix-mars-2023-232x300.jpg 232w, https://www.sarabrenier.fr/wp-content/uploads/2023/01/flyer-A5-stage-terre-voix-mars-2023-768x994.jpg 768w, https://www.sarabrenier.fr/wp-content/uploads/2023/01/flyer-A5-stage-terre-voix-mars-2023.jpg 816w" sizes="auto, (max-width: 791px) 100vw, 791px" /></a></figure>



<p><strong>A propos du travail avec l&rsquo;argile :</strong> « Mettre les mains dans « la terre » active une mémoire primitive qui garde enfoui des sensations, des émotions et des ressentis.&nbsp;»</p>



<p>A une époque où tout va très vite et que la tête et la pensée sont très sollicitées, l&rsquo;argile mobilise essentiellement le toucher, donnant un temps de pause aux adultes que nous sommes, permettant d&rsquo;accéder à notre enfant intérieur.</p>



<p>Il est nul besoin de savoir où l&rsquo;on va, ce qui se modèle ou ce qui se construit, notre inconscient utilise nos mains et façonne l&rsquo;argile à son gré comme autant de messages que nous sommes libres de déchiffrer, de partager ou de garder pour soi. »</p>



<p><strong>A propos de la psychophonie :</strong>« La qualité de notre émission vocale dépend en grande partie du développement de notre réceptivité sensorielle. La réceptivité vibratoire et tactile des sons vient compléter la réceptivité auditive par la boucle audio-phonatoire.</p>



<p>Bâti sur un axe vertical et sur un axe horizontal, l’être humain trouve son équilibre, tel un arbre se déployant entre terre et ciel.</p>



<p>La démarche psychophonique permet de relier les différents plans de l’être : physique, énergétique, émotionnel, mental, spirituel, et de les harmoniser. »</p>



<div style="height:50px" aria-hidden="true" class="wp-block-spacer"></div>

<p>Le corps (re)source de vie Danse, rythme et voix, en coanimation avec Nellie Saurel psychothérapeute, danse-thérapeute, professeure de&nbsp;danse d&rsquo;expression primitive. Objectifs du cycle des stages : 1) Entreprendre un voyage sensible vers soi, dans la relation à l&rsquo;autre, réveiller la pulsion de vie et mobiliser ses ressources. 2) Développer ses compétences relationnelles, sa créativité, enrichir &hellip; </p>
<p class="link-more"><a href="https://www.sarabrenier.fr/?page_id=18" class="more-link">Continuer la lecture <span class="screen-reader-text"> « STAGES »</span></a></p>
